q - 142 = -694. What is the tens digit of q?
9
Let p be -6*(-6)/16*-8. What is the units digit of 2/3 - 942/p?
3
Suppose 0*h - 2*k = 4*h - 12, 2*k = 2*h - 6. Suppose 0*z - z + 20 = 0. Suppose y = -h*y + z. What is the units digit of y?
5
Let h(g) = -9*g - 1. Let c be h(-3). Suppose -5*z - 4*r = c, r = -3 - 1. What is the units digit of 13*(z + 3)/1?
3
Let o(g) = -g**3 + 12*g**2 - 12*g + 14. Let y be o(11). What is the units digit of (-3 - 2) + y - -4?
2
Let l be 18/(-45) + 32/5. Suppose 5*p - 5*f - 75 = 0, l*p + f - 105 = p. What is the units digit of 5/p - 67/(-4)?
7
Let d(s) be the second derivative of s**3/6 - s**2 + s. Let a be d(6). Let j = -2 + a. What is the units digit of j?
2
What is the hundreds digit of (486/(-8))/(11/(-44))?
2
Suppose -2*o + 106 = -376. What is the hundreds digit of o?
2
Let c(h) = 5*h**3 - 2*h**2 + 3*h - 2. What is the units digit of c(2)?
6
Suppose 0 = j + j - 2. Let z be 26/(-8)*1*-4. What is the tens digit of (-3 - (j + -3)) + z?
1
Suppose 12*l = 8*l + 32. What is the units digit of (-6)/(-15) + l/5?
2
Let t = 6 + -3. Suppose -5*k - 3*o + 75 = 0, t*k + k + 3*o = 57. Suppose 0 = 4*f - f - k. What is the units digit of f?
6
Suppose -r - 2*s = -0*r - 9, s - 12 = -2*r. Suppose 20 = r*b, -b + 17 = -y + 4*b. What is the units digit of y?
3
Let f = 5 - 1. Suppose 0 = -f*v - 0*v + 60. What is the tens digit of v?
1
Let v be (-1)/(5/3 + -2). Suppose 9 + 10 = 4*g - n, -15 = -v*g + n. What is the units digit of (-2)/g + 18/4?
4
Let t(y) = 3 - 6*y**2 - y**3 - 4*y + 3*y - 4*y. Let o be t(-4). Let g = 17 + o. What is the units digit of g?
8
Let i(l) be the third derivative of 0*l + 0 + 2*l**2 - 1/2*l**3 + 3/8*l**4 - 1/60*l**5. What is the units digit of i(8)?
5
Let r(j) = -j**3 + 6*j**2 - 4*j + 3. Let h be r(4). Let n = -7 + h. What is the tens digit of n?
1
Let r = 4 + 2. Suppose 3*i + 9 + r = 5*o, 0 = -4*i. What is the units digit of o?
3
What is the tens digit of (-3)/5 + 228/5?
4
Let x = 100 - -99. What is the hundreds digit of x?
1
Let x = 22 + -16. Suppose y = 5*n - 3, 3*y - y + x = 0. Suppose 2*u - r - 12 = -0*u, n = -u + 4*r + 13. What is the units digit of u?
5
Suppose 76*c - 80*c + 708 = 0. What is the hundreds digit of c?
1
Suppose -p = -3 - 0. Suppose -6 = p*s - 0. What is the units digit of (s + -5)/(1/(-1))?
7
Let m(s) = -s - 4. Let i be m(-4). Let z be (-3 + 19)*(-3 + i). Let l = -32 - z. What is the units digit of l?
6
What is the tens digit of (11/5)/((-8)/(-440))?
2
Let l(k) = k**2 + 2*k + 1. Let x be l(-3). Suppose 4*v - 120 = -2*t, -x*v + 5*t + 73 + 47 = 0. What is the units digit of v?
0
Suppose r - 15 = -y + 133, 4 = -4*r. What is the hundreds digit of y?
1
Let n = 101 + 188. What is the units digit of n?
9
Let b(p) = -p**3 - 13*p**2 - 16*p - 16. Suppose 0 = 4*z + z + 60. What is the units digit of b(z)?
2
Suppose -6*h + h = -2*j - 385, j = -2*h + 154. What is the tens digit of h?
7
Suppose 3*h = 3*i - 21, -27 = -4*i - h - 4. What is the units digit of i?
6
Let u = 48 - -4. What is the units digit of u?
2
Suppose -5*q + 48 = -9*q. What is the units digit of (6/q)/(2/(-4))?
1
Suppose 1947 = 17*r - 6*r. What is the units digit of r?
7
Suppose -2*c + 6 + 0 = 0. What is the units digit of ((-62)/6 + c)*-3?
2
Let d be -5*3*4/(-3). Suppose 0*x - d = -5*x. What is the units digit of x/10 - 66/(-10)?
7
Let b(g) = -g**2 + 3*g - 3. Let j be b(4). Let m = 16 + j. What is the units digit of m?
9
Let v(o) = -o**3 + 6*o**2 + 9*o - 8. Let l(j) = -j**3 + 6*j**2 - 4*j - 7. Let i be l(5). Let f be i/(-10) - 34/(-5). What is the units digit of v(f)?
6
Suppose -2*l + 0*l + 16 = 0. Suppose 3*m + l = 5*d - 68, 0 = -d + 5*m + 24. What is the tens digit of d?
1
Suppose -3*o + 1 + 17 = 0. Let w(n) = -n**2 + 7*n - 5. What is the units digit of w(o)?
1
Let t(j) be the second derivative of -j**3/6 + 19*j**2/2 - 5*j. What is the tens digit of t(8)?
1
Let d be 2/(-4)*(0 - 2). Suppose -4*k = -9 + d. Suppose l - n - 3*n + k = 0, -5*l - 3*n = -59. What is the units digit of l?
0
Let h(q) = -q**2 - 14*q - 7. What is the units digit of h(-10)?
3
Suppose -2*w = 2*w - 12. Suppose -r = -0 - w. What is the units digit of r?
3
Suppose 10 = -2*p + 28. What is the units digit of p?
9
Suppose -3*g = -1 - 5. What is the units digit of 1*-2*g/(-4)?
1
Let w = 6 + -9. Let m be (4 + -1 + w)/1. Suppose 3*t - 17 - 16 = m. What is the units digit of t?
1
Let j be 21/6 + (-1)/(-2). Suppose 3*b + 6 = 7*b + 5*f, 0 = j*b - f - 18. Suppose b*d - 70 = -d. What is the tens digit of d?
1
Let m = 13 + -19. Let z be 2/m + 16/3. What is the units digit of z - 1 - (3 - 1)?
2
Suppose 5*d - 4*s - 201 = 0, -150 + 51 = -3*d - 3*s. What is the units digit of d?
7
Suppose 6*v = -4*v + 1870. What is the tens digit of v?
8
Let b(r) = -r**3 + 9*r**2 + 5*r - 3. What is the units digit of b(9)?
2
Let v(a) = a - 4. Let u be v(0). What is the units digit of (6/(-4))/3*u?
2
Let n = 2 - 4. Let r be (1 + -2 + -137)/n. Suppose 3*w - r + 12 = 0. What is the tens digit of w?
1
Let y(h) = h**3 - 3*h**3 - 3*h**2 - h + 0*h**3 - 2*h. Let d(z) = z**2 - 8*z - 2. Let p be d(8). What is the tens digit of y(p)?
1
Let t = -35 - -54. Let x = t - 8. What is the units digit of x?
1
Let n = -5 + 0. Let s = n - -10. Suppose 54 = s*u - 4*l, u + 14 = 2*u - 4*l. What is the units digit of u?
0
Let x = 9 + -15. Let i = x + 10. Suppose i*s - 9*s = -5. What is the units digit of s?
1
Let u = -139 - -277. What is the units digit of u?
8
Let o be 1047/39 - (-4)/26. Suppose 3*s - 6*s = -o. What is the units digit of s?
9
Let i(j) = 115*j + 5. What is the tens digit of i(1)?
2
Let t(n) = -n + 11. Let i be t(12). Let b = i - -11. What is the tens digit of b?
1
Let u = 10 - 5. Let c = u - 9. Let b(q) = q**2 - 2*q - 3. What is the units digit of b(c)?
1
Let x = 225 - -132. What is the units digit of x?
7
Suppose 5*s + 2*c = s + 90, -2*c = 2*s - 42. What is the tens digit of s?
2
Suppose -3*a = 3*m + 12, -5*a + 5*m - 4 = 6. Let s(r) = r**3 + 3*r**2 - r - 2. What is the units digit of s(a)?
1
Let w = 31 + -8. Suppose -4*p - 2*y - 59 = -w, 0 = -4*p + 4*y - 48. What is the units digit of p/4*2*-1?
5
What is the units digit of (0 - 1612/(-14)) + (-1)/7?
5
Suppose -2*n = n - 21. Let k(v) = -v**2 + 9*v - 9. Let s be k(n). Let b = s + 0. What is the units digit of b?
5
Suppose 0 = -5*z + 4*i + 111 + 92, -z + 47 = -4*i. What is the tens digit of (z/(-6))/1*-2?
1
Let q be (1*-1 - -1) + 5. Suppose -84 = -8*x + 5*x. Suppose 0 = -u + q*u - x. What is the units digit of u?
7
Let k = 0 - -2. Suppose -k*c = -3*b + c + 63, -2*b + c = -39. Suppose 4*f - b = 38. What is the units digit of f?
4
Let g = -11 + 15. Suppose -4*f - g*y = -y + 12, 2*y = 5*f - 8. Suppose 5*z = 3*c - 3, -12 = -c - f*c - 2*z. What is the units digit of c?
6
Let a be (-34)/4 + (-16)/(-32). Let k(c) = -c**3 - 9*c**2 - 9*c - 1. What is the units digit of k(a)?
7
Suppose -2*u = f - 10, 4*f + 0*f - 4*u = -8. Let a(w) = -w**f + 5*w**2 + 5 - 5*w - 3*w**2. What is the units digit of a(6)?
1
What is the tens digit of 4 + 17 - (4 - 2)?
1
Suppose -6 + 18 = -4*h. Let f be (-26)/(-8) + h/(-4). Suppose k + 4*o - 19 = 2*o, f*k = -o + 62. What is the tens digit of k?
1
Suppose 4*z = 7 + 57. What is the tens digit of z?
1
Let d(i) = 11*i + 5. What is the hundreds digit of d(9)?
1
Let j(x) = -2*x - 2. Let l(t) = 3*t**2 - 4*t - 3. Let s be l(-4). Suppose -5*p + 16 = s. What is the tens digit of j(p)?
1
What is the units digit of -1*(-251 - (5 - 3))?
3
Let p(l) = 6*l - 3. Let m be p(2). Suppose 0 = i - 1 - m. Suppose -30 = -5*q + i. What is the units digit of q?
8
Let f(b) = -b**2 + 6*b + 3. Let u be f(7). Let m = 15 + u. What is the tens digit of m?
1
Let b be (-7)/(3*(-2)/18). Suppose t - 4*s = b, -t - 14 = 5*s - 2*s. What is the units digit of t?
1
What is the units digit of (1/(-1))/(11/(-297))?
7
Let f be (-1)/(-2) - (-30)/4. Let s = 5 + f. What is the tens digit of s?
1
Let r = -1 - -3. Let g be 1 - (-2 - -5)/(-1). Suppose -4*h - 2 = -3*i - 18, 2 = -r*h + g*i. What is the units digit of h?
7
Let k = 42 - -207. What is the tens digit of k?
4
Let y(f) = f**2 + 16*f - 20. What is the tens digit of y(-26)?
4
Suppose -5*z - 25 = -2*x, -8 = z + x - 2*x. Let u = -3 - z. Suppose 4*l + u*l + 39 = 3*n, -n - 3*l = 0. What is the units digit of n?
9
Let w(o) = 3*o + 3*o + 4 - 